{"id":136,"date":"2016-05-11T11:07:36","date_gmt":"2016-05-11T11:07:36","guid":{"rendered":"http:\/\/probelauf.textur-buero.de\/?page_id=136"},"modified":"2025-03-12T18:36:02","modified_gmt":"2025-03-12T18:36:02","slug":"impressum","status":"publish","type":"page","link":"http:\/\/hans-igel.de\/?page_id=136","title":{"rendered":"Impressum"},"content":{"rendered":"<p><strong>Her\u00adaus\u00adge\u00adber<\/strong><\/p>\n<p><strong><span style=\"color: #008000;\">Hans Igel - Ver\u00adein f\u00fcr Inklu\u00adsi\u00adon &amp; Thea\u00adter e.&nbsp;V.<\/span><br>\n<\/strong>c\/o Han\u00adnah Tr\u00f6ger<br>\nRei\u00adher\u00adweg&nbsp;6<br>\n14469 Potsdam<\/p>\n<p>Kon\u00adtakt:&nbsp;&nbsp;&nbsp;&nbsp;&nbsp;&nbsp;&nbsp;&nbsp; <a href=\"http:\/\/probelauf.textur-buero.de\/?page_id=17\">per Kon\u00adtakt\u00adfor\u00admu\u00adlar<\/a><\/p>\n<p>Regis\u00adter\u00adge\u00adricht:&nbsp; <span class=\"caps\">VR<\/span> 7272&nbsp;P<br>\nSteu\u00ader\u00adnum\u00admer:&nbsp; 046\/141\/12307<\/p>\n<p>Redak\u00adti\u00adon: <a href=\"http:\/\/textur-buero.de\/\" target=\"_blank\" rel=\"noopener\">Astrid Priebs-Tr\u00f6\u00adger<\/a>,&nbsp; Axel Tr\u00f6ger<br>\nFotos: <a href=\"http:\/\/www.stefangloede.de\/\" target=\"_blank\" rel=\"noopener\">Ste\u00adfan Gloe\u00adde<\/a>, Simo\u00adne Ahren\u00add\/\u00adsah-pho\u00adto, Mario Hoff\u00admann, Axel Tr\u00f6\u00adger, Han\u00adnah Tr\u00f6ger<\/p>\n<p><strong>Haf\u00adtungs\u00adaus\u00adschluss: <\/strong><\/p>\n<p><strong>Haf\u00adtung f\u00fcr Inhalte<\/strong><\/p>\n<p>Die Inhal\u00adte unse\u00adrer Sei\u00adten wur\u00adden mit gr\u00f6\u00df\u00adter Sorg\u00adfalt erstellt. F\u00fcr die Rich\u00adtig\u00adkeit, Voll\u00adst\u00e4n\u00addig\u00adkeit und Aktua\u00adli\u00adt\u00e4t der Inhal\u00adte k\u00f6n\u00adnen wir jedoch kei\u00adne Gew\u00e4hr \u00fcber\u00adneh\u00admen. Als Diens\u00adte\u00adan\u00adbie\u00adter sind wir gem\u00e4\u00df \u00a7 7 Abs.1 <span class=\"caps\">DD<\/span><span class=\"caps\">G<\/span> f\u00fcr eige\u00adne Inhal\u00adte auf die\u00adsen Sei\u00adten nach den all\u00adge\u00admei\u00adnen Geset\u00adzen ver\u00adant\u00adwort\u00adlich. Nach \u00a7\u00a7 8 bis 10 <span class=\"caps\">DD<\/span><span class=\"caps\">G<\/span> sind wir als Diens\u00adte\u00adan\u00adbie\u00adter jedoch nicht ver\u00adpflich\u00adtet, \u00fcber\u00admit\u00adtelte oder gespei\u00adcherte frem\u00adde Infor\u00adma\u00adtio\u00adnen zu \u00fcber\u00adwa\u00adchen oder nach Umst\u00e4n\u00adden zu for\u00adschen, die auf eine rechts\u00adwid\u00adrige T\u00e4tig\u00adkeit hin\u00adwei\u00adsen. Ver\u00adpflich\u00adtun\u00adgen zur Ent\u00adfer\u00adnung oder Sper\u00adrung der Nut\u00adzung von Infor\u00adma\u00adtio\u00adnen nach den all\u00adge\u00admei\u00adnen Geset\u00adzen blei\u00adben hier\u00advon unbe\u00adr\u00fchrt. Eine dies\u00adbe\u00adz\u00fcg\u00adli\u00adche Haf\u00adtung ist jedoch erst ab dem Zeit\u00adpunkt der Kennt\u00adnis einer kon\u00adkre\u00adten Rechts\u00adver\u00adlet\u00adzung m\u00f6g\u00adlich. Bei Bekannt\u00adwer\u00adden von ent\u00adspre\u00adchen\u00adden Rechts\u00adver\u00adlet\u00adzun\u00adgen wer\u00adden wir die\u00adse Inhal\u00adte umge\u00adhend entfernen.<\/p>\n<p><strong>Haf\u00adtung f\u00fcr&nbsp;Links<\/strong><\/p>\n<p>Unser Ange\u00adbot ent\u00adh\u00e4lt Links zu exter\u00adnen Web\u00adsei\u00adten Drit\u00adter, auf deren Inhal\u00adte wir kei\u00adnen Ein\u00adfluss haben. Des\u00adhalb k\u00f6n\u00adnen wir f\u00fcr die\u00adse frem\u00adden Inhal\u00adte auch kei\u00adne Gew\u00e4hr \u00fcber\u00adneh\u00admen. F\u00fcr die Inhal\u00adte der ver\u00adlink\u00adten Sei\u00adten ist stets der jewei\u00adlige Anbie\u00adter oder Betrei\u00adber der Sei\u00adten ver\u00adant\u00adwort\u00adlich. Die ver\u00adlink\u00adten Sei\u00adten wur\u00adden zum Zeit\u00adpunkt der Ver\u00adlin\u00adkung auf m\u00f6g\u00adli\u00adche Rechts\u00adver\u00adst\u00f6\u00dfe \u00fcber\u00adpr\u00fcft. Rechts\u00adwid\u00adrige Inhal\u00adte waren zum Zeit\u00adpunkt der Ver\u00adlin\u00adkung nicht erkenn\u00adbar. Eine per\u00adma\u00adnente inhalt\u00adli\u00adche Kon\u00adtrolle der ver\u00adlink\u00adten Sei\u00adten ist jedoch ohne kon\u00adkrete Anhalts\u00adpunkte einer Rechts\u00adver\u00adlet\u00adzung nicht zumut\u00adbar. Bei Bekannt\u00adwer\u00adden von Rechts\u00adver\u00adlet\u00adzun\u00adgen wer\u00adden wir der\u00adar\u00adtige Links umge\u00adhend entfernen.<\/p>\n<p><strong>Urhe\u00adber\u00adrecht<\/strong><\/p>\n<p>Die durch die Sei\u00adten\u00adbe\u00adtrei\u00adber erstell\u00adten Inhal\u00adte und Wer\u00adke auf die\u00adsen Sei\u00adten unter\u00adlie\u00adgen dem deut\u00adschen Urhe\u00adber\u00adrecht. Die Ver\u00adviel\u00adf\u00e4l\u00adti\u00adgung, Bear\u00adbei\u00adtung, Ver\u00adbrei\u00adtung und jede Art der Ver\u00adwer\u00adtung au\u00dfer\u00adhalb der Gren\u00adzen des Urhe\u00adber\u00adrech\u00adtes bed\u00fcr\u00adfen der schrift\u00adli\u00adchen Zustim\u00admung des jewei\u00adli\u00adgen Autors bzw. Erstel\u00adlers. Down\u00adloads und Kopien die\u00adser Sei\u00adte sind nur f\u00fcr den pri\u00adva\u00adten, nicht kom\u00admer\u00adzi\u00adel\u00adlen Gebrauch gestat\u00adtet. Soweit die Inhal\u00adte auf die\u00adser Sei\u00adte nicht vom Betrei\u00adber erstellt wur\u00adden, wer\u00adden die Urhe\u00adber\u00adrechte Drit\u00adter beach\u00adtet. Ins\u00adbe\u00adson\u00addere wer\u00adden Inhal\u00adte Drit\u00adter als sol\u00adche gekenn\u00adzeich\u00adnet. Soll\u00adten Sie trotz\u00addem auf eine Urhe\u00adber\u00adrechts\u00adver\u00adlet\u00adzung auf\u00admerk\u00adsam wer\u00adden, bit\u00adten wir um einen ent\u00adspre\u00adchen\u00adden Hin\u00adweis. Bei Bekannt\u00adwer\u00adden von Rechts\u00adver\u00adlet\u00adzun\u00adgen wer\u00adden wir der\u00adar\u00adtige Inhal\u00adte umge\u00adhend entfernen.<\/p>\n<p><strong>Daten\u00adschutz<\/strong><\/p>\n<p>Die Nut\u00adzung unse\u00adrer Web\u00adseite ist in der Regel ohne Anga\u00adbe per\u00adso\u00adnen\u00adbe\u00adzo\u00adge\u00adner Daten m\u00f6g\u00adlich. Soweit auf unse\u00adren Sei\u00adten per\u00adso\u00adnen\u00adbe\u00adzo\u00adgene Daten (bei\u00adspiels\u00adweise Name, Anschrift oder eMail-Adres\u00ad\u00adsen) erho\u00adben wer\u00adden, erfolgt dies, soweit m\u00f6g\u00adlich, stets auf frei\u00adwil\u00adli\u00adger Basis. Die\u00adse Daten wer\u00adden ohne Ihre aus\u00addr\u00fcck\u00adli\u00adche Zustim\u00admung nicht an Drit\u00adte weitergegeben.<br>\nWir wei\u00adsen dar\u00adauf hin, dass die Daten\u00ad\u00fcber\u00adtra\u00adgung im Inter\u00adnet (z.B. bei der Kom\u00admu\u00adni\u00adka\u00adtion per E-Mail) Sicher\u00adheits\u00adl\u00fc\u00adcken auf\u00adwei\u00adsen kann. Ein l\u00fccken\u00adlo\u00adser Schutz der Daten vor dem Zugriff durch Drit\u00adte ist nicht m\u00f6glich.<br>\nDer Nut\u00adzung von im Rah\u00admen der Impres\u00ads\u00adums\u00adpflicht ver\u00ad\u00f6f\u00adfent\u00adlich\u00adten Kon\u00adtakt\u00adda\u00adten durch Drit\u00adte zur \u00dcber\u00adsen\u00addung von nicht aus\u00addr\u00fcck\u00adlich ange\u00adfor\u00adder\u00adter Wer\u00adbung und Infor\u00adma\u00adti\u00adons\u00adma\u00adte\u00adria\u00adlien wird hier\u00admit aus\u00addr\u00fcck\u00adlich wider\u00adspro\u00adchen. Die Betrei\u00adber der Sei\u00adten behal\u00adten sich aus\u00addr\u00fcck\u00adlich recht\u00adli\u00adche Schrit\u00adte im Fal\u00adle der unver\u00adlang\u00adten Zusen\u00addung von Wer\u00adbein\u00adfor\u00adma\u00adtio\u00adnen, etwa durch Spam-Mails, vor.<\/p>\n","protected":false},"excerpt":{"rendered":"<p>Her\u00adaus\u00adge\u00adber Hans Igel - Ver\u00adein f\u00fcr Inklu\u00adsi\u00adon &amp; Thea\u00adter e.&nbsp;V. c\/o Han\u00adnah Tr\u00f6\u00adger Rei\u00adher\u00adweg&nbsp;6 14469 Pots\u00addam Kon\u00adtakt:&nbsp;&nbsp;&nbsp;&nbsp;&nbsp;&nbsp;&nbsp;&nbsp; per Kon\u00adtakt\u00adfor\u00admu\u00adlar Regis\u00adter\u00adge\u00adricht:&nbsp; <span class=\"caps\">VR<\/span> 7272&nbsp;P Steu\u00ader\u00adnum\u00admer:&nbsp; 046\/141\/12307 Redak\u00adti\u00adon: Astrid Priebs-Tr\u00f6\u00ad\u00adger,&nbsp; Axel Tr\u00f6\u00adger Fotos: Ste\u00adfan Gloe\u00adde, Simo\u00adne Ahren\u00ad\u00add\/\u00ad\u00adsah-pho\u00ad\u00adto, Mario Hoff\u00admann, Axel Tr\u00f6\u00adger, Han\u00adnah Tr\u00f6\u00adger Haf\u00adtungs\u00adaus\u00adschluss: Haf\u00adtung f\u00fcr Inhal\u00adte Die Inhal\u00adte unse\u00adrer Sei\u00adten wur\u00adden mit gr\u00f6\u00df\u00adter Sorg\u00adfalt erstellt. F\u00fcr die \u2026 <a href=\"http:\/\/hans-igel.de\/?page_id=136\" class=\"more-link\"><span class=\"screen-reader-text\">Impres\u00adsum<\/span> wei\u00adter\u00adle\u00adsen <span class=\"meta-nav\">\u2192<\/span><\/a><\/p>\n","protected":false},"author":1,"featured_media":0,"parent":0,"menu_order":0,"comment_status":"closed","ping_status":"closed","template":"","meta":{"sfsi_plus_gutenberg_text_before_share":"","sfsi_plus_gutenberg_show_text_before_share":"","sfsi_plus_gutenberg_icon_type":"","sfsi_plus_gutenberg_icon_alignemt":"","sfsi_plus_gutenburg_max_per_row":"","wp_typography_post_enhancements_disabled":false,"footnotes":""},"class_list":["post-136","page","type-page","status-publish","hentry"],"yoast_head":"<!-- This site is optimized with the Yoast SEO plugin v24.7 - https:\/\/yoast.com\/wordpress\/plugins\/seo\/ -->\n<title>Impressum - Hans Igel<\/title>\n<meta name=\"robots\" content=\"index, follow, max-snippet:-1, max-image-preview:large, max-video-preview:-1\" \/>\n<link rel=\"canonical\" href=\"http:\/\/hans-igel.de\/?page_id=136\" \/>\n<meta property=\"og:locale\" content=\"de_DE\" \/>\n<meta property=\"og:type\" content=\"article\" \/>\n<meta property=\"og:title\" content=\"Impressum - Hans Igel\" \/>\n<meta property=\"og:description\" content=\"Her\u00adaus\u00adge\u00adber Hans Igel - Ver\u00adein f\u00fcr Inklu\u00adsi\u00adon &amp; Thea\u00adter e.&nbsp;V. c\/o Han\u00adnah Tr\u00f6ger Rei\u00adher\u00adweg&nbsp;6 14469 Potsdam Kon\u00adtakt:&nbsp;&nbsp;&nbsp;&nbsp;&nbsp;&nbsp;&nbsp;&nbsp; per Kon\u00adtakt\u00adfor\u00admu\u00adlar Regis\u00adter\u00adge\u00adricht:&nbsp; VR 7272&nbsp;P Steu\u00ader\u00adnum\u00admer:&nbsp; 046\/141\/12307 Redak\u00adti\u00adon: Astrid Priebs-Tr\u00f6\u00adger,&nbsp; Axel Tr\u00f6ger Fotos: Ste\u00adfan Gloe\u00adde, Simo\u00adne Ahren\u00add\/\u00adsah-pho\u00adto, Mario Hoff\u00admann, Axel Tr\u00f6\u00adger, Han\u00adnah Tr\u00f6ger Haf\u00adtungs\u00adaus\u00adschluss: Haf\u00adtung f\u00fcr Inhalte Die Inhal\u00adte unse\u00adrer Sei\u00adten wur\u00adden mit gr\u00f6\u00df\u00adter Sorg\u00adfalt erstellt. F\u00fcr die &hellip; Impressum weiterlesen &rarr;\" \/>\n<meta property=\"og:url\" content=\"http:\/\/hans-igel.de\/?page_id=136\" \/>\n<meta property=\"og:site_name\" content=\"Hans Igel\" \/>\n<meta property=\"article:modified_time\" content=\"2025-03-12T18:36:02+00:00\" \/>\n<meta name=\"twitter:card\" content=\"summary_large_image\" \/>\n<meta name=\"twitter:label1\" content=\"Gesch\u00e4tzte Lesezeit\" \/>\n\t<meta name=\"twitter:data1\" content=\"3\u00a0Minuten\" \/>\n<script type=\"application\/ld+json\" class=\"yoast-schema-graph\">{\"@context\":\"https:\/\/schema.org\",\"@graph\":[{\"@type\":\"WebPage\",\"@id\":\"http:\/\/hans-igel.de\/?page_id=136\",\"url\":\"http:\/\/hans-igel.de\/?page_id=136\",\"name\":\"Impressum - Hans Igel\",\"isPartOf\":{\"@id\":\"http:\/\/hans-igel.de\/#website\"},\"datePublished\":\"2016-05-11T11:07:36+00:00\",\"dateModified\":\"2025-03-12T18:36:02+00:00\",\"breadcrumb\":{\"@id\":\"http:\/\/hans-igel.de\/?page_id=136#breadcrumb\"},\"inLanguage\":\"de\",\"potentialAction\":[{\"@type\":\"ReadAction\",\"target\":[\"http:\/\/hans-igel.de\/?page_id=136\"]}]},{\"@type\":\"BreadcrumbList\",\"@id\":\"http:\/\/hans-igel.de\/?page_id=136#breadcrumb\",\"itemListElement\":[{\"@type\":\"ListItem\",\"position\":1,\"name\":\"Startseite\",\"item\":\"http:\/\/hans-igel.de\/\"},{\"@type\":\"ListItem\",\"position\":2,\"name\":\"Impressum\"}]},{\"@type\":\"WebSite\",\"@id\":\"http:\/\/hans-igel.de\/#website\",\"url\":\"http:\/\/hans-igel.de\/\",\"name\":\"Hans Igel\",\"description\":\"Verein f\u00fcr Inklusion &amp; Theater e. V. wurde 2008 in Potsdam gegr\u00fcndet und f\u00fchrt Theaterprojekte mit inklusivem Charakter durch.\",\"potentialAction\":[{\"@type\":\"SearchAction\",\"target\":{\"@type\":\"EntryPoint\",\"urlTemplate\":\"http:\/\/hans-igel.de\/?s={search_term_string}\"},\"query-input\":{\"@type\":\"PropertyValueSpecification\",\"valueRequired\":true,\"valueName\":\"search_term_string\"}}],\"inLanguage\":\"de\"}]}<\/script>\n<!-- \/ Yoast SEO plugin. -->","yoast_head_json":{"title":"Impressum - Hans Igel","robots":{"index":"index","follow":"follow","max-snippet":"max-snippet:-1","max-image-preview":"max-image-preview:large","max-video-preview":"max-video-preview:-1"},"canonical":"http:\/\/hans-igel.de\/?page_id=136","og_locale":"de_DE","og_type":"article","og_title":"Impressum - Hans Igel","og_description":"Her\u00adaus\u00adge\u00adber Hans Igel - Ver\u00adein f\u00fcr Inklu\u00adsi\u00adon &amp; Thea\u00adter e.&nbsp;V. c\/o Han\u00adnah Tr\u00f6ger Rei\u00adher\u00adweg&nbsp;6 14469 Potsdam Kon\u00adtakt:&nbsp;&nbsp;&nbsp;&nbsp;&nbsp;&nbsp;&nbsp;&nbsp; per Kon\u00adtakt\u00adfor\u00admu\u00adlar Regis\u00adter\u00adge\u00adricht:&nbsp; VR 7272&nbsp;P Steu\u00ader\u00adnum\u00admer:&nbsp; 046\/141\/12307 Redak\u00adti\u00adon: Astrid Priebs-Tr\u00f6\u00adger,&nbsp; Axel Tr\u00f6ger Fotos: Ste\u00adfan Gloe\u00adde, Simo\u00adne Ahren\u00add\/\u00adsah-pho\u00adto, Mario Hoff\u00admann, Axel Tr\u00f6\u00adger, Han\u00adnah Tr\u00f6ger Haf\u00adtungs\u00adaus\u00adschluss: Haf\u00adtung f\u00fcr Inhalte Die Inhal\u00adte unse\u00adrer Sei\u00adten wur\u00adden mit gr\u00f6\u00df\u00adter Sorg\u00adfalt erstellt. F\u00fcr die &hellip; Impressum weiterlesen &rarr;","og_url":"http:\/\/hans-igel.de\/?page_id=136","og_site_name":"Hans Igel","article_modified_time":"2025-03-12T18:36:02+00:00","twitter_card":"summary_large_image","twitter_misc":{"Gesch\u00e4tzte Lesezeit":"3\u00a0Minuten"},"schema":{"@context":"https:\/\/schema.org","@graph":[{"@type":"WebPage","@id":"http:\/\/hans-igel.de\/?page_id=136","url":"http:\/\/hans-igel.de\/?page_id=136","name":"Impressum - Hans Igel","isPartOf":{"@id":"http:\/\/hans-igel.de\/#website"},"datePublished":"2016-05-11T11:07:36+00:00","dateModified":"2025-03-12T18:36:02+00:00","breadcrumb":{"@id":"http:\/\/hans-igel.de\/?page_id=136#breadcrumb"},"inLanguage":"de","potentialAction":[{"@type":"ReadAction","target":["http:\/\/hans-igel.de\/?page_id=136"]}]},{"@type":"BreadcrumbList","@id":"http:\/\/hans-igel.de\/?page_id=136#breadcrumb","itemListElement":[{"@type":"ListItem","position":1,"name":"Startseite","item":"http:\/\/hans-igel.de\/"},{"@type":"ListItem","position":2,"name":"Impressum"}]},{"@type":"WebSite","@id":"http:\/\/hans-igel.de\/#website","url":"http:\/\/hans-igel.de\/","name":"Hans Igel","description":"Verein f\u00fcr Inklusion &amp; Theater e. V. wurde 2008 in Potsdam gegr\u00fcndet und f\u00fchrt Theaterprojekte mit inklusivem Charakter durch.","potentialAction":[{"@type":"SearchAction","target":{"@type":"EntryPoint","urlTemplate":"http:\/\/hans-igel.de\/?s={search_term_string}"},"query-input":{"@type":"PropertyValueSpecification","valueRequired":true,"valueName":"search_term_string"}}],"inLanguage":"de"}]}},"jetpack_sharing_enabled":true,"_links":{"self":[{"href":"http:\/\/hans-igel.de\/index.php?rest_route=\/wp\/v2\/pages\/136"}],"collection":[{"href":"http:\/\/hans-igel.de\/index.php?rest_route=\/wp\/v2\/pages"}],"about":[{"href":"http:\/\/hans-igel.de\/index.php?rest_route=\/wp\/v2\/types\/page"}],"author":[{"embeddable":true,"href":"http:\/\/hans-igel.de\/index.php?rest_route=\/wp\/v2\/users\/1"}],"replies":[{"embeddable":true,"href":"http:\/\/hans-igel.de\/index.php?rest_route=%2Fwp%2Fv2%2Fcomments&post=136"}],"version-history":[{"count":11,"href":"http:\/\/hans-igel.de\/index.php?rest_route=\/wp\/v2\/pages\/136\/revisions"}],"predecessor-version":[{"id":523,"href":"http:\/\/hans-igel.de\/index.php?rest_route=\/wp\/v2\/pages\/136\/revisions\/523"}],"wp:attachment":[{"href":"http:\/\/hans-igel.de\/index.php?rest_route=%2Fwp%2Fv2%2Fmedia&parent=136"}],"curies":[{"name":"wp","href":"https:\/\/api.w.org\/{rel}","templated":true}]}}