{"id":11,"date":"2016-05-10T07:49:48","date_gmt":"2016-05-10T07:49:48","guid":{"rendered":"http:\/\/probelauf.textur-buero.de\/?page_id=11"},"modified":"2025-03-11T10:42:21","modified_gmt":"2025-03-11T10:42:21","slug":"vorstand","status":"publish","type":"page","link":"http:\/\/hans-igel.de\/?page_id=11","title":{"rendered":"Vorstand"},"content":{"rendered":"<p><img loading=\"lazy\" decoding=\"async\" class=\"alignnone  wp-image-490\" src=\"http:\/\/hans-igel.de\/wp-content\/uploads\/2025\/01\/hansigel.png\" alt width=\"306\" height=\"59\" srcset=\"http:\/\/hans-igel.de\/wp-content\/uploads\/2025\/01\/hansigel.png 637w, http:\/\/hans-igel.de\/wp-content\/uploads\/2025\/01\/hansigel-300x58.png 300w, http:\/\/hans-igel.de\/wp-content\/uploads\/2025\/01\/hansigel-250x48.png 250w\" sizes=\"(max-width: 306px) 100vw, 306px\"><\/p>\n<p>Han\u00adnah Tr\u00f6\u00adger &nbsp;&nbsp;&nbsp;&nbsp;&nbsp;&nbsp;&nbsp;&nbsp;&nbsp;&nbsp;&nbsp;&nbsp;&nbsp;&nbsp;&nbsp;&nbsp;&nbsp; Vor\u00adsit\u00adzen\u00adde<br>Ulri\u00adke Haa\u00adse &nbsp;&nbsp;&nbsp;&nbsp;&nbsp;&nbsp;&nbsp;&nbsp;&nbsp;&nbsp;&nbsp;&nbsp;&nbsp;&nbsp;&nbsp;&nbsp;&nbsp;&nbsp;&nbsp;&nbsp;&nbsp;&nbsp; Stellv. Vor\u00adsit\u00adzen\u00adde<br>Syl\u00adva\u00adna Gro\u00df &nbsp;&nbsp;&nbsp;&nbsp;&nbsp;&nbsp;&nbsp;&nbsp;&nbsp;&nbsp;&nbsp;&nbsp;&nbsp;&nbsp;&nbsp;&nbsp;&nbsp;&nbsp;&nbsp;&nbsp; Kassenf\u00fchrerin<\/p>\n\n\n<p><\/p>\n","protected":false},"excerpt":{"rendered":"<p>Han\u00adnah Tr\u00f6\u00adger &nbsp;&nbsp;&nbsp;&nbsp;&nbsp;&nbsp;&nbsp;&nbsp;&nbsp;&nbsp;&nbsp;&nbsp;&nbsp;&nbsp;&nbsp;&nbsp;&nbsp; Vor\u00adsit\u00adzen\u00addeUlri\u00adke Haa\u00adse &nbsp;&nbsp;&nbsp;&nbsp;&nbsp;&nbsp;&nbsp;&nbsp;&nbsp;&nbsp;&nbsp;&nbsp;&nbsp;&nbsp;&nbsp;&nbsp;&nbsp;&nbsp;&nbsp;&nbsp;&nbsp;&nbsp; Stellv. Vor\u00adsit\u00adzen\u00addeSyl\u00adva\u00adna Gro\u00df &nbsp;&nbsp;&nbsp;&nbsp;&nbsp;&nbsp;&nbsp;&nbsp;&nbsp;&nbsp;&nbsp;&nbsp;&nbsp;&nbsp;&nbsp;&nbsp;&nbsp;&nbsp;&nbsp;&nbsp; Kassenf\u00fchrerin<\/p>\n","protected":false},"author":1,"featured_media":0,"parent":0,"menu_order":0,"comment_status":"closed","ping_status":"closed","template":"","meta":{"sfsi_plus_gutenberg_text_before_share":"","sfsi_plus_gutenberg_show_text_before_share":"","sfsi_plus_gutenberg_icon_type":"","sfsi_plus_gutenberg_icon_alignemt":"","sfsi_plus_gutenburg_max_per_row":"","wp_typography_post_enhancements_disabled":false,"footnotes":""},"class_list":["post-11","page","type-page","status-publish","hentry"],"yoast_head":"<!-- This site is optimized with the Yoast SEO plugin v24.7 - https:\/\/yoast.com\/wordpress\/plugins\/seo\/ -->\n<title>Vorstand - Hans Igel<\/title>\n<meta name=\"robots\" content=\"index, follow, max-snippet:-1, max-image-preview:large, max-video-preview:-1\" \/>\n<link rel=\"canonical\" href=\"http:\/\/hans-igel.de\/?page_id=11\" \/>\n<meta property=\"og:locale\" content=\"de_DE\" \/>\n<meta property=\"og:type\" content=\"article\" \/>\n<meta property=\"og:title\" content=\"Vorstand - Hans Igel\" \/>\n<meta property=\"og:description\" content=\"Han\u00adnah Tr\u00f6\u00adger &nbsp;&nbsp;&nbsp;&nbsp;&nbsp;&nbsp;&nbsp;&nbsp;&nbsp;&nbsp;&nbsp;&nbsp;&nbsp;&nbsp;&nbsp;&nbsp;&nbsp; Vor\u00adsit\u00adzen\u00addeUlri\u00adke Haa\u00adse &nbsp;&nbsp;&nbsp;&nbsp;&nbsp;&nbsp;&nbsp;&nbsp;&nbsp;&nbsp;&nbsp;&nbsp;&nbsp;&nbsp;&nbsp;&nbsp;&nbsp;&nbsp;&nbsp;&nbsp;&nbsp;&nbsp; Stellv. Vor\u00adsit\u00adzen\u00addeSyl\u00adva\u00adna Gro\u00df &nbsp;&nbsp;&nbsp;&nbsp;&nbsp;&nbsp;&nbsp;&nbsp;&nbsp;&nbsp;&nbsp;&nbsp;&nbsp;&nbsp;&nbsp;&nbsp;&nbsp;&nbsp;&nbsp;&nbsp; Kassenf\u00fchrerin\" \/>\n<meta property=\"og:url\" content=\"http:\/\/hans-igel.de\/?page_id=11\" \/>\n<meta property=\"og:site_name\" content=\"Hans Igel\" \/>\n<meta property=\"article:modified_time\" content=\"2025-03-11T10:42:21+00:00\" \/>\n<meta property=\"og:image\" content=\"http:\/\/hans-igel.de\/wp-content\/uploads\/2025\/01\/hansigel.png\" \/>\n<meta name=\"twitter:card\" content=\"summary_large_image\" \/>\n<meta name=\"twitter:label1\" content=\"Gesch\u00e4tzte Lesezeit\" \/>\n\t<meta name=\"twitter:data1\" content=\"1\u00a0Minute\" \/>\n<script type=\"application\/ld+json\" class=\"yoast-schema-graph\">{\"@context\":\"https:\/\/schema.org\",\"@graph\":[{\"@type\":\"WebPage\",\"@id\":\"http:\/\/hans-igel.de\/?page_id=11\",\"url\":\"http:\/\/hans-igel.de\/?page_id=11\",\"name\":\"Vorstand - Hans Igel\",\"isPartOf\":{\"@id\":\"http:\/\/hans-igel.de\/#website\"},\"primaryImageOfPage\":{\"@id\":\"http:\/\/hans-igel.de\/?page_id=11#primaryimage\"},\"image\":{\"@id\":\"http:\/\/hans-igel.de\/?page_id=11#primaryimage\"},\"thumbnailUrl\":\"http:\/\/hans-igel.de\/wp-content\/uploads\/2025\/01\/hansigel.png\",\"datePublished\":\"2016-05-10T07:49:48+00:00\",\"dateModified\":\"2025-03-11T10:42:21+00:00\",\"breadcrumb\":{\"@id\":\"http:\/\/hans-igel.de\/?page_id=11#breadcrumb\"},\"inLanguage\":\"de\",\"potentialAction\":[{\"@type\":\"ReadAction\",\"target\":[\"http:\/\/hans-igel.de\/?page_id=11\"]}]},{\"@type\":\"ImageObject\",\"inLanguage\":\"de\",\"@id\":\"http:\/\/hans-igel.de\/?page_id=11#primaryimage\",\"url\":\"http:\/\/hans-igel.de\/wp-content\/uploads\/2025\/01\/hansigel.png\",\"contentUrl\":\"http:\/\/hans-igel.de\/wp-content\/uploads\/2025\/01\/hansigel.png\",\"width\":637,\"height\":123,\"caption\":\"Logo von Hans Igel - Verein f\u00fcr Inklusion & Theater e.V.\"},{\"@type\":\"BreadcrumbList\",\"@id\":\"http:\/\/hans-igel.de\/?page_id=11#breadcrumb\",\"itemListElement\":[{\"@type\":\"ListItem\",\"position\":1,\"name\":\"Startseite\",\"item\":\"http:\/\/hans-igel.de\/\"},{\"@type\":\"ListItem\",\"position\":2,\"name\":\"Vorstand\"}]},{\"@type\":\"WebSite\",\"@id\":\"http:\/\/hans-igel.de\/#website\",\"url\":\"http:\/\/hans-igel.de\/\",\"name\":\"Hans Igel\",\"description\":\"Verein f\u00fcr Inklusion &amp; Theater e. V. wurde 2008 in Potsdam gegr\u00fcndet und f\u00fchrt Theaterprojekte mit inklusivem Charakter durch.\",\"potentialAction\":[{\"@type\":\"SearchAction\",\"target\":{\"@type\":\"EntryPoint\",\"urlTemplate\":\"http:\/\/hans-igel.de\/?s={search_term_string}\"},\"query-input\":{\"@type\":\"PropertyValueSpecification\",\"valueRequired\":true,\"valueName\":\"search_term_string\"}}],\"inLanguage\":\"de\"}]}<\/script>\n<!-- \/ Yoast SEO plugin. -->","yoast_head_json":{"title":"Vorstand - Hans Igel","robots":{"index":"index","follow":"follow","max-snippet":"max-snippet:-1","max-image-preview":"max-image-preview:large","max-video-preview":"max-video-preview:-1"},"canonical":"http:\/\/hans-igel.de\/?page_id=11","og_locale":"de_DE","og_type":"article","og_title":"Vorstand - Hans Igel","og_description":"Han\u00adnah Tr\u00f6\u00adger &nbsp;&nbsp;&nbsp;&nbsp;&nbsp;&nbsp;&nbsp;&nbsp;&nbsp;&nbsp;&nbsp;&nbsp;&nbsp;&nbsp;&nbsp;&nbsp;&nbsp; Vor\u00adsit\u00adzen\u00addeUlri\u00adke Haa\u00adse &nbsp;&nbsp;&nbsp;&nbsp;&nbsp;&nbsp;&nbsp;&nbsp;&nbsp;&nbsp;&nbsp;&nbsp;&nbsp;&nbsp;&nbsp;&nbsp;&nbsp;&nbsp;&nbsp;&nbsp;&nbsp;&nbsp; Stellv. Vor\u00adsit\u00adzen\u00addeSyl\u00adva\u00adna Gro\u00df &nbsp;&nbsp;&nbsp;&nbsp;&nbsp;&nbsp;&nbsp;&nbsp;&nbsp;&nbsp;&nbsp;&nbsp;&nbsp;&nbsp;&nbsp;&nbsp;&nbsp;&nbsp;&nbsp;&nbsp; Kassenf\u00fchrerin","og_url":"http:\/\/hans-igel.de\/?page_id=11","og_site_name":"Hans Igel","article_modified_time":"2025-03-11T10:42:21+00:00","og_image":[{"url":"http:\/\/hans-igel.de\/wp-content\/uploads\/2025\/01\/hansigel.png","type":"","width":"","height":""}],"twitter_card":"summary_large_image","twitter_misc":{"Gesch\u00e4tzte Lesezeit":"1\u00a0Minute"},"schema":{"@context":"https:\/\/schema.org","@graph":[{"@type":"WebPage","@id":"http:\/\/hans-igel.de\/?page_id=11","url":"http:\/\/hans-igel.de\/?page_id=11","name":"Vorstand - Hans Igel","isPartOf":{"@id":"http:\/\/hans-igel.de\/#website"},"primaryImageOfPage":{"@id":"http:\/\/hans-igel.de\/?page_id=11#primaryimage"},"image":{"@id":"http:\/\/hans-igel.de\/?page_id=11#primaryimage"},"thumbnailUrl":"http:\/\/hans-igel.de\/wp-content\/uploads\/2025\/01\/hansigel.png","datePublished":"2016-05-10T07:49:48+00:00","dateModified":"2025-03-11T10:42:21+00:00","breadcrumb":{"@id":"http:\/\/hans-igel.de\/?page_id=11#breadcrumb"},"inLanguage":"de","potentialAction":[{"@type":"ReadAction","target":["http:\/\/hans-igel.de\/?page_id=11"]}]},{"@type":"ImageObject","inLanguage":"de","@id":"http:\/\/hans-igel.de\/?page_id=11#primaryimage","url":"http:\/\/hans-igel.de\/wp-content\/uploads\/2025\/01\/hansigel.png","contentUrl":"http:\/\/hans-igel.de\/wp-content\/uploads\/2025\/01\/hansigel.png","width":637,"height":123,"caption":"Logo von Hans Igel - Verein f\u00fcr Inklusion & Theater e.V."},{"@type":"BreadcrumbList","@id":"http:\/\/hans-igel.de\/?page_id=11#breadcrumb","itemListElement":[{"@type":"ListItem","position":1,"name":"Startseite","item":"http:\/\/hans-igel.de\/"},{"@type":"ListItem","position":2,"name":"Vorstand"}]},{"@type":"WebSite","@id":"http:\/\/hans-igel.de\/#website","url":"http:\/\/hans-igel.de\/","name":"Hans Igel","description":"Verein f\u00fcr Inklusion &amp; Theater e. V. wurde 2008 in Potsdam gegr\u00fcndet und f\u00fchrt Theaterprojekte mit inklusivem Charakter durch.","potentialAction":[{"@type":"SearchAction","target":{"@type":"EntryPoint","urlTemplate":"http:\/\/hans-igel.de\/?s={search_term_string}"},"query-input":{"@type":"PropertyValueSpecification","valueRequired":true,"valueName":"search_term_string"}}],"inLanguage":"de"}]}},"jetpack_sharing_enabled":true,"_links":{"self":[{"href":"http:\/\/hans-igel.de\/index.php?rest_route=\/wp\/v2\/pages\/11"}],"collection":[{"href":"http:\/\/hans-igel.de\/index.php?rest_route=\/wp\/v2\/pages"}],"about":[{"href":"http:\/\/hans-igel.de\/index.php?rest_route=\/wp\/v2\/types\/page"}],"author":[{"embeddable":true,"href":"http:\/\/hans-igel.de\/index.php?rest_route=\/wp\/v2\/users\/1"}],"replies":[{"embeddable":true,"href":"http:\/\/hans-igel.de\/index.php?rest_route=%2Fwp%2Fv2%2Fcomments&post=11"}],"version-history":[{"count":8,"href":"http:\/\/hans-igel.de\/index.php?rest_route=\/wp\/v2\/pages\/11\/revisions"}],"predecessor-version":[{"id":516,"href":"http:\/\/hans-igel.de\/index.php?rest_route=\/wp\/v2\/pages\/11\/revisions\/516"}],"wp:attachment":[{"href":"http:\/\/hans-igel.de\/index.php?rest_route=%2Fwp%2Fv2%2Fmedia&parent=11"}],"curies":[{"name":"wp","href":"https:\/\/api.w.org\/{rel}","templated":true}]}}

<p><img loading="lazy" decoding="async" class="alignnone  wp-image-490" src="http://hans-igel.de/wp-content/uploads/2025/01/hansigel.png" alt width="306" height="59" srcset="http://hans-igel.de/wp-content/uploads/2025/01/hansigel.png 637w, http://hans-igel.de/wp-content/uploads/2025/01/hansigel-300x58.png 300w, http://hans-igel.de/wp-content/uploads/2025/01/hansigel-250x48.png 250w" sizes="(max-width: 306px) 100vw, 306px"></p>
<p>Han­nah Trö­ger &nbsp;&nbsp;&nbsp;&nbsp;&nbsp;&nbsp;&nbsp;&nbsp;&nbsp;&nbsp;&nbsp;&nbsp;&nbsp;&nbsp;&nbsp;&nbsp;&nbsp; Vor­sit­zen­de<br>Ulri­ke Haa­se &nbsp;&nbsp;&nbsp;&nbsp;&nbsp;&nbsp;&nbsp;&nbsp;&nbsp;&nbsp;&nbsp;&nbsp;&nbsp;&nbsp;&nbsp;&nbsp;&nbsp;&nbsp;&nbsp;&nbsp;&nbsp;&nbsp; Stellv. Vor­sit­zen­de<br>Syl­va­na Groß &nbsp;&nbsp;&nbsp;&nbsp;&nbsp;&nbsp;&nbsp;&nbsp;&nbsp;&nbsp;&nbsp;&nbsp;&nbsp;&nbsp;&nbsp;&nbsp;&nbsp;&nbsp;&nbsp;&nbsp; Kassenführerin</p>


<p></p>

<p>Han­nah Trö­ger &nbsp;&nbsp;&nbsp;&nbsp;&nbsp;&nbsp;&nbsp;&nbsp;&nbsp;&nbsp;&nbsp;&nbsp;&nbsp;&nbsp;&nbsp;&nbsp;&nbsp; Vor­sit­zen­deUlri­ke Haa­se &nbsp;&nbsp;&nbsp;&nbsp;&nbsp;&nbsp;&nbsp;&nbsp;&nbsp;&nbsp;&nbsp;&nbsp;&nbsp;&nbsp;&nbsp;&nbsp;&nbsp;&nbsp;&nbsp;&nbsp;&nbsp;&nbsp; Stellv. Vor­sit­zen­deSyl­va­na Groß &nbsp;&nbsp;&nbsp;&nbsp;&nbsp;&nbsp;&nbsp;&nbsp;&nbsp;&nbsp;&nbsp;&nbsp;&nbsp;&nbsp;&nbsp;&nbsp;&nbsp;&nbsp;&nbsp;&nbsp; Kassenführerin</p>

<!-- This site is optimized with the Yoast SEO plugin v24.7 - https://yoast.com/wordpress/plugins/seo/ -->
<title>Vorstand - Hans Igel</title>
<meta name="robots" content="index, follow, max-snippet:-1, max-image-preview:large, max-video-preview:-1" />
<link rel="canonical" href="http://hans-igel.de/?page_id=11" />
<meta property="og:locale" content="de_DE" />
<meta property="og:type" content="article" />
<meta property="og:title" content="Vorstand - Hans Igel" />
<meta property="og:description" content="Han­nah Trö­ger &nbsp;&nbsp;&nbsp;&nbsp;&nbsp;&nbsp;&nbsp;&nbsp;&nbsp;&nbsp;&nbsp;&nbsp;&nbsp;&nbsp;&nbsp;&nbsp;&nbsp; Vor­sit­zen­deUlri­ke Haa­se &nbsp;&nbsp;&nbsp;&nbsp;&nbsp;&nbsp;&nbsp;&nbsp;&nbsp;&nbsp;&nbsp;&nbsp;&nbsp;&nbsp;&nbsp;&nbsp;&nbsp;&nbsp;&nbsp;&nbsp;&nbsp;&nbsp; Stellv. Vor­sit­zen­deSyl­va­na Groß &nbsp;&nbsp;&nbsp;&nbsp;&nbsp;&nbsp;&nbsp;&nbsp;&nbsp;&nbsp;&nbsp;&nbsp;&nbsp;&nbsp;&nbsp;&nbsp;&nbsp;&nbsp;&nbsp;&nbsp; Kassenführerin" />
<meta property="og:url" content="http://hans-igel.de/?page_id=11" />
<meta property="og:site_name" content="Hans Igel" />
<meta property="article:modified_time" content="2025-03-11T10:42:21+00:00" />
<meta property="og:image" content="http://hans-igel.de/wp-content/uploads/2025/01/hansigel.png" />
<meta name="twitter:card" content="summary_large_image" />
<meta name="twitter:label1" content="Geschätzte Lesezeit" />
	<meta name="twitter:data1" content="1 Minute" />
<script type="application/ld+json" class="yoast-schema-graph">{"@context":"https://schema.org","@graph":[{"@type":"WebPage","@id":"http://hans-igel.de/?page_id=11","url":"http://hans-igel.de/?page_id=11","name":"Vorstand - Hans Igel","isPartOf":{"@id":"http://hans-igel.de/#website"},"primaryImageOfPage":{"@id":"http://hans-igel.de/?page_id=11#primaryimage"},"image":{"@id":"http://hans-igel.de/?page_id=11#primaryimage"},"thumbnailUrl":"http://hans-igel.de/wp-content/uploads/2025/01/hansigel.png","datePublished":"2016-05-10T07:49:48+00:00","dateModified":"2025-03-11T10:42:21+00:00","breadcrumb":{"@id":"http://hans-igel.de/?page_id=11#breadcrumb"},"inLanguage":"de","potentialAction":[{"@type":"ReadAction","target":["http://hans-igel.de/?page_id=11"]}]},{"@type":"ImageObject","inLanguage":"de","@id":"http://hans-igel.de/?page_id=11#primaryimage","url":"http://hans-igel.de/wp-content/uploads/2025/01/hansigel.png","contentUrl":"http://hans-igel.de/wp-content/uploads/2025/01/hansigel.png","width":637,"height":123,"caption":"Logo von Hans Igel - Verein für Inklusion & Theater e.V."},{"@type":"BreadcrumbList","@id":"http://hans-igel.de/?page_id=11#breadcrumb","itemListElement":[{"@type":"ListItem","position":1,"name":"Startseite","item":"http://hans-igel.de/"},{"@type":"ListItem","position":2,"name":"Vorstand"}]},{"@type":"WebSite","@id":"http://hans-igel.de/#website","url":"http://hans-igel.de/","name":"Hans Igel","description":"Verein für Inklusion &amp; Theater e. V. wurde 2008 in Potsdam gegründet und führt Theaterprojekte mit inklusivem Charakter durch.","potentialAction":[{"@type":"SearchAction","target":{"@type":"EntryPoint","urlTemplate":"http://hans-igel.de/?s={search_term_string}"},"query-input":{"@type":"PropertyValueSpecification","valueRequired":true,"valueName":"search_term_string"}}],"inLanguage":"de"}]}</script>
<!-- / Yoast SEO plugin. -->

Han­nah Trö­ger &nbsp;&nbsp;&nbsp;&nbsp;&nbsp;&nbsp;&nbsp;&nbsp;&nbsp;&nbsp;&nbsp;&nbsp;&nbsp;&nbsp;&nbsp;&nbsp;&nbsp; Vor­sit­zen­deUlri­ke Haa­se &nbsp;&nbsp;&nbsp;&nbsp;&nbsp;&nbsp;&nbsp;&nbsp;&nbsp;&nbsp;&nbsp;&nbsp;&nbsp;&nbsp;&nbsp;&nbsp;&nbsp;&nbsp;&nbsp;&nbsp;&nbsp;&nbsp; Stellv. Vor­sit­zen­deSyl­va­na Groß &nbsp;&nbsp;&nbsp;&nbsp;&nbsp;&nbsp;&nbsp;&nbsp;&nbsp;&nbsp;&nbsp;&nbsp;&nbsp;&nbsp;&nbsp;&nbsp;&nbsp;&nbsp;&nbsp;&nbsp; Kassenführerin

Logo von Hans Igel - Verein für Inklusion & Theater e.V.

Verein für Inklusion &amp; Theater e. V. wurde 2008 in Potsdam gegründet und führt Theaterprojekte mit inklusivem Charakter durch.
